{"id":1400,"date":"2018-11-09T14:56:05","date_gmt":"2018-11-09T13:56:05","guid":{"rendered":"http:\/\/www.golden-heart-even.de\/cms\/?page_id=1400"},"modified":"2018-11-15T10:31:14","modified_gmt":"2018-11-15T09:31:14","slug":"d-wurf","status":"publish","type":"page","link":"http:\/\/www.golden-heart-even.de\/cms\/d-wurf\/","title":{"rendered":"D &#8211; Wurf"},"content":{"rendered":"<div id='av_section_1'  class='avia-section av-cm3bi-fdd5deb7c420d3f4f6c770cc1babea79 main_color avia-section-default avia-no-border-styling  avia-builder-el-0  avia-builder-el-no-sibling  avia-bg-style-scroll container_wrap fullsize'  ><div class='container av-section-cont-open' ><main  role=\"main\" itemprop=\"mainContentOfPage\"  class='template-page content  av-content-full alpha units'><div class='post-entry post-entry-type-page post-entry-1400'><div class='entry-content-wrapper clearfix'>\n\n<style type=\"text\/css\" data-created_by=\"avia_inline_auto\" id=\"style-css-av-25rha-38bd95d0c884b6374fba6a9d020e5287\">\n.flex_column.av-25rha-38bd95d0c884b6374fba6a9d020e5287{\n-webkit-border-radius:0px 0px 0px 0px;\n-moz-border-radius:0px 0px 0px 0px;\nborder-radius:0px 0px 0px 0px;\npadding:0px 0px 0px 0px;\n}\n<\/style>\n<div class='flex_column av-25rha-38bd95d0c884b6374fba6a9d020e5287 av_one_full  avia-builder-el-1  el_before_av_one_full  avia-builder-el-first  first flex_column_div av-zero-column-padding '     ><style type=\"text\/css\" data-created_by=\"avia_inline_auto\" id=\"style-css-av-joiea371-0d14eea390db2679a5d3434206093e98\">\n#top .av-special-heading.av-joiea371-0d14eea390db2679a5d3434206093e98{\npadding-bottom:10px;\n}\nbody .av-special-heading.av-joiea371-0d14eea390db2679a5d3434206093e98 .av-special-heading-tag .heading-char{\nfont-size:25px;\n}\n.av-special-heading.av-joiea371-0d14eea390db2679a5d3434206093e98 .av-subheading{\nfont-size:20px;\n}\n<\/style>\n<div  class='av-special-heading av-joiea371-0d14eea390db2679a5d3434206093e98 av-special-heading-h2 blockquote modern-quote modern-centered  avia-builder-el-2  avia-builder-el-no-sibling '><h2 class='av-special-heading-tag'  itemprop=\"headline\"  >D &#8211; Wurf <\/h2><div class='av-subheading av-subheading_below'><p>* 29. Mai 2018 &#8211; 3 R\u00fcden \/ 2 H\u00fcndinnen<\/p>\n<\/div><div class=\"special-heading-border\"><div class=\"special-heading-inner-border\"><\/div><\/div><\/div><\/div>\n<style type=\"text\/css\" data-created_by=\"avia_inline_auto\" id=\"style-css-av-dn672-a1d14e7cc4e9f2bc3005ad2cdfd3f482\">\n.flex_column.av-dn672-a1d14e7cc4e9f2bc3005ad2cdfd3f482{\n-webkit-border-radius:0px 0px 0px 0px;\n-moz-border-radius:0px 0px 0px 0px;\nborder-radius:0px 0px 0px 0px;\npadding:0px 0px 0px 0px;\n}\n<\/style>\n<div class='flex_column av-dn672-a1d14e7cc4e9f2bc3005ad2cdfd3f482 av_one_full  avia-builder-el-3  el_after_av_one_full  el_before_av_hr  first flex_column_div av-zero-column-padding column-top-margin'     ><p>\n<style type=\"text\/css\" data-created_by=\"avia_inline_auto\" id=\"style-css-av-joa4f79u-082fda12a7773c5489a629cff3190f80\">\n.avia-image-container.av-joa4f79u-082fda12a7773c5489a629cff3190f80 img.avia_image{\nbox-shadow:none;\n}\n.avia-image-container.av-joa4f79u-082fda12a7773c5489a629cff3190f80 .av-image-caption-overlay-center{\ncolor:#ffffff;\n}\n<\/style>\n<div  class='avia-image-container av-joa4f79u-082fda12a7773c5489a629cff3190f80 av-styling- avia-align-center  avia-builder-el-4  el_before_av_textblock  avia-builder-el-first '   itemprop=\"image\" itemscope=\"itemscope\" itemtype=\"https:\/\/schema.org\/ImageObject\" ><div class=\"avia-image-container-inner\"><div class=\"avia-image-overlay-wrap\"><img decoding=\"async\" class='wp-image-1405 avia-img-lazy-loading-not-1405 avia_image ' src=\"http:\/\/www.golden-heart-even.de\/cms\/wp-content\/uploads\/2018\/11\/littercard-dwurf.jpg\" alt='' title='littercard-dwurf'  height=\"398\" width=\"600\"  itemprop=\"thumbnailUrl\" srcset=\"http:\/\/www.golden-heart-even.de\/cms\/wp-content\/uploads\/2018\/11\/littercard-dwurf.jpg 600w, http:\/\/www.golden-heart-even.de\/cms\/wp-content\/uploads\/2018\/11\/littercard-dwurf-500x332.jpg 500w, http:\/\/www.golden-heart-even.de\/cms\/wp-content\/uploads\/2018\/11\/littercard-dwurf-450x299.jpg 450w\" sizes=\"(max-width: 600px) 100vw, 600px\" \/><\/div><\/div><\/div><br \/>\n<section  class='av_textblock_section av-joa4feuu-15235e5557decd1b15e7d250225f9d90'  itemscope=\"itemscope\" itemtype=\"https:\/\/schema.org\/CreativeWork\" ><div class='avia_textblock'  itemprop=\"text\" ><p style=\"text-align: center;\">Jewelhope Madison Grace x Multi CH Daily Rays Dream Maker<\/p>\n<\/div><\/section><\/p><\/div>\n<style type=\"text\/css\" data-created_by=\"avia_inline_auto\" id=\"style-css-av-jn013j17-3ff2ffe3a38162627d74e9374e783f09\">\n#top .hr.hr-invisible.av-jn013j17-3ff2ffe3a38162627d74e9374e783f09{\nheight:50px;\n}\n<\/style>\n<div  class='hr av-jn013j17-3ff2ffe3a38162627d74e9374e783f09 hr-invisible  avia-builder-el-6  el_after_av_one_full  el_before_av_one_half '><span class='hr-inner '><span class=\"hr-inner-style\"><\/span><\/span><\/div>\n\n<style type=\"text\/css\" data-created_by=\"avia_inline_auto\" id=\"style-css-av-gq13f-8664f1746b29fdd2af6069d79310d806\">\n.flex_column.av-gq13f-8664f1746b29fdd2af6069d79310d806{\n-webkit-border-radius:0px 0px 0px 0px;\n-moz-border-radius:0px 0px 0px 0px;\nborder-radius:0px 0px 0px 0px;\npadding:0px 0px 0px 0px;\n}\n<\/style>\n<div class='flex_column av-gq13f-8664f1746b29fdd2af6069d79310d806 av_one_half  avia-builder-el-7  el_after_av_hr  el_before_av_one_half  first flex_column_div av-zero-column-padding '     ><section  class='av_textblock_section av-jn02hhb1-3915294a53ccf549214dea18cd988456'  itemscope=\"itemscope\" itemtype=\"https:\/\/schema.org\/CreativeWork\" ><div class='avia_textblock'  itemprop=\"text\" ><p><a href=\"http:\/\/www.k9data.com\/pedigree.asp?ID=899807\" target=\"_blank\" rel=\"noopener\"><img decoding=\"async\" loading=\"lazy\" class=\"aligncenter wp-image-320 size-full\" src=\"http:\/\/www.golden-heart-even.de\/cms\/wp-content\/uploads\/2018\/11\/pedigree.png\" alt=\"\" width=\"200\" height=\"74\" \/><\/a><\/p>\n<\/div><\/section><\/div>\n<style type=\"text\/css\" data-created_by=\"avia_inline_auto\" id=\"style-css-av-90zbv-94e1fc08bfa1b0b83fa30755d862dd39\">\n.flex_column.av-90zbv-94e1fc08bfa1b0b83fa30755d862dd39{\n-webkit-border-radius:0px 0px 0px 0px;\n-moz-border-radius:0px 0px 0px 0px;\nborder-radius:0px 0px 0px 0px;\npadding:0px 0px 0px 0px;\n}\n<\/style>\n<div class='flex_column av-90zbv-94e1fc08bfa1b0b83fa30755d862dd39 av_one_half  avia-builder-el-9  el_after_av_one_half  el_before_av_one_full  flex_column_div av-zero-column-padding '     ><section  class='av_textblock_section av-jn02hhb1-3915294a53ccf549214dea18cd988456'  itemscope=\"itemscope\" itemtype=\"https:\/\/schema.org\/CreativeWork\" ><div class='avia_textblock'  itemprop=\"text\" ><p><a href=\"http:\/\/www.golden-heart-even.de\/cms\/d-wurf-fotos\/\" target=\"_blank\" rel=\"noopener\"><img decoding=\"async\" loading=\"lazy\" class=\"size-full wp-image-393 aligncenter\" src=\"http:\/\/www.golden-heart-even.de\/cms\/wp-content\/uploads\/2018\/11\/fotos.png\" alt=\"\" width=\"200\" height=\"74\" \/><\/a><\/p>\n<\/div><\/section><\/div>\n<style type=\"text\/css\" data-created_by=\"avia_inline_auto\" id=\"style-css-av-899hi-99c2adf78e313484eeb0a9cbacac9697\">\n.flex_column.av-899hi-99c2adf78e313484eeb0a9cbacac9697{\n-webkit-border-radius:0px 0px 0px 0px;\n-moz-border-radius:0px 0px 0px 0px;\nborder-radius:0px 0px 0px 0px;\npadding:0px 0px 0px 0px;\n}\n<\/style>\n<div class='flex_column av-899hi-99c2adf78e313484eeb0a9cbacac9697 av_one_full  avia-builder-el-11  el_after_av_one_half  avia-builder-el-last  first flex_column_div av-zero-column-padding column-top-margin'     ><section  class='av_textblock_section av-jo75z1bo-e8a85b4d5fe3e65bcba0098aaa7744ce'  itemscope=\"itemscope\" itemtype=\"https:\/\/schema.org\/CreativeWork\" ><div class='avia_textblock'  itemprop=\"text\" ><h3>Tagebuch<\/h3>\n<p><strong>10.08.2018<\/strong><br \/>\nJetzt ist es still im Haus geworden,<\/p>\n<p>MoMH\u00b4s Dream Dancer, Henry<br \/>\nMoMH\u00b4s Dream Maker jr., Ben<br \/>\nMoMH`s Dream Song, Happy<br \/>\nMoMH\u00b4s Dream Rose, Nara<br \/>\nMoMH\u00b4s Dream Light, Leni<\/p>\n<p>sind ausgezogen und haben alle ganz wunderbare Pl\u00e4tze bekommen.<\/p>\n<p>Es war eine ganz wunderbare und auch intensive Zeit, zwei W\u00fcrfe hintereinander in den ersten Wochen begleiten zu d\u00fcrfen.<br \/>\nBen, Happy, Henry, Leni &amp; Nara waren ganz zauberhaft und haben uns mit ihrem lieben Wesen sehr schnell um den kleinen Finger gewickelt. Alles Neue wurde freudig erkundet und auch jeder Besuch war immer herzlich willkommen. Selbstverst\u00e4ndlich haben Hope und Fin auch geholfen, auch wenn sie sich manchmal wirklich \u00fcber die lustigen Ideen gewundert haben. Ein ganz gro\u00dfes Dankesch\u00f6n m\u00f6chte ich heute auch an meinen Sohn Raphael sagen !!<\/p>\n<p>Wir freuen uns sehr euch bald wieder zu sehen, bis dahin habt\u00b4s gut ihr lieben Zuckerm\u00e4use<\/p>\n<p>Gracie, Raphael, Sabine, Hope und Fin<\/p>\n<p><strong>18.07.2018<\/strong><br \/>\nHier bin ich wieder, Hope, leider etwas sp\u00e4ter als versprochen, aber unsere Sabine hatte eine richtig dicke Erk\u00e4ltung.<br \/>\nAber jetzt ist wieder alles gut und ich erz\u00e4hl euch, was meine Enkelkinder zwischenzeitlich alles so erlebt haben:<br \/>\nNat\u00fcrlich haben sie schon ganz sch\u00f6n viel Besuch bekommen und, was soll ich sagen, jeder wird total freudig begr\u00fc\u00dft.<br \/>\nNat\u00fcrlich haben sie auch schon die ganze Wohnung erkundet und im Garten sind wieder einmal viele sch\u00f6ne Sachen aufgebaut. Durch und \u00fcber den Tunnel fetzen sie wie kleine Raketen, aus dem B\u00e4llebad schnappen sie sich ruck zuck einen Ball und rennen ganz stolz im Garten umher.<br \/>\nManchmal fallen sie alle zusammen \u00fcber Fin her, der dann ganz lieb mit den Babies spielt.<br \/>\nSabine hat mir verraten, das sie heute eine Sandmuschel mit Wasser aufstellt, sicher wird das ein riesen Spa\u00df werden.<\/p>\n<p>Eins mu\u00df ich euch noch verraten, meine Gracie ist eine ganz tolle Mama, ich bin richtig stolz auf sie !!!<br \/>\nEs gibt auch wieder ganz viele neue Bilder von unseren Zuckerm\u00e4usen, viel Spa\u00df beim Anschauen.<br \/>\nBis bald,<br \/>\nHope<\/p>\n<p><strong>29.06.2018<\/strong><br \/>\nSo, ab heute werde ich, Hope euch von unseren kleinen Babies berichten. In den letzten Wochen war ganz sch\u00f6n viel los. Denn meine kleine Tochter, &#8222;klein&#8220; Hope war noch ein paar Wochen l\u00e4nger da und da haben wir gaaanz viel mit ihr gespielt und tolle Sachen gemacht, das war sehr, sehr sch\u00f6n.<\/p>\n<p>Tja, was soll ich sagen, nun bin ich also Oma geworden und ich freue mich sehr, das es Gracie und den Babies sehr gut geht.\u00a0Gracie ist eine ganz zauberhafte Mama und hat von Anfang an alles alleine gemacht, Sabine oder ich\u00a0mussten\u00a0ihr \u00fcberhaupt nix zeigen.<br \/>\nZwischenzeitlich sind meine kleinen Enkelkinder, es sind 3 Buben und 2 M\u00e4dchen schon 4 Wochen alt, wachsen und gedeihen ganz pr\u00e4chtig. Sabine hat die Wurfkiste auch schon aufgemacht und jetzt marschieren alle zusammen schon lustig durch das Welpenzimmer. Auch der gro\u00dfe B\u00e4r liegt schon dort und wie auch meine Kinder lieben die Babies ihn und kuscheln sich, wenn sie schlafen m\u00f6chten bei ihm an. Wir haben schon besprochen, das wenn das Wetter weiterhin so gut bleibt, sie bald in den Garten d\u00fcrfen, ja ich fand das gut &#8230;..<br \/>\nIn der Galerie k\u00f6nnt ihr jetzt auch die Bilder der ersten 4 Wochen sehen, ich hoffe sie gefallen euch. Also, ich bin schon stolz auf meine Enkel, auch wenn ich mich noch nicht so richtig als Oma f\u00fchle.<br \/>\nIch w\u00fcnsche euch viel Spass beim anschauen, bis n\u00e4chste Woche<br \/>\nHope<\/p>\n<\/div><\/section><\/div>\n","protected":false},"excerpt":{"rendered":"","protected":false},"author":1,"featured_media":0,"parent":0,"menu_order":0,"comment_status":"closed","ping_status":"closed","template":"","meta":{"_lmt_disableupdate":"","_lmt_disable":""},"_links":{"self":[{"href":"http:\/\/www.golden-heart-even.de\/cms\/wp-json\/wp\/v2\/pages\/1400"}],"collection":[{"href":"http:\/\/www.golden-heart-even.de\/cms\/wp-json\/wp\/v2\/pages"}],"about":[{"href":"http:\/\/www.golden-heart-even.de\/cms\/wp-json\/wp\/v2\/types\/page"}],"author":[{"embeddable":true,"href":"http:\/\/www.golden-heart-even.de\/cms\/wp-json\/wp\/v2\/users\/1"}],"replies":[{"embeddable":true,"href":"http:\/\/www.golden-heart-even.de\/cms\/wp-json\/wp\/v2\/comments?post=1400"}],"version-history":[{"count":5,"href":"http:\/\/www.golden-heart-even.de\/cms\/wp-json\/wp\/v2\/pages\/1400\/revisions"}],"predecessor-version":[{"id":1924,"href":"http:\/\/www.golden-heart-even.de\/cms\/wp-json\/wp\/v2\/pages\/1400\/revisions\/1924"}],"wp:attachment":[{"href":"http:\/\/www.golden-heart-even.de\/cms\/wp-json\/wp\/v2\/media?parent=1400"}],"curies":[{"name":"wp","href":"https:\/\/api.w.org\/{rel}","templated":true}]}}