{"id":1468,"date":"2018-11-13T12:03:32","date_gmt":"2018-11-13T11:03:32","guid":{"rendered":"http:\/\/www.golden-heart-even.de\/cms\/?page_id=1468"},"modified":"2018-11-13T12:33:45","modified_gmt":"2018-11-13T11:33:45","slug":"news-archiv","status":"publish","type":"page","link":"http:\/\/www.golden-heart-even.de\/cms\/news-archiv\/","title":{"rendered":"News &#8211; Archiv"},"content":{"rendered":"\n<style type=\"text\/css\" data-created_by=\"avia_inline_auto\" id=\"style-css-av-av_heading-98ab9bd2a5d014dcef3160770025da21\">\n#top .av-special-heading.av-av_heading-98ab9bd2a5d014dcef3160770025da21{\npadding-bottom:10px;\n}\nbody .av-special-heading.av-av_heading-98ab9bd2a5d014dcef3160770025da21 .av-special-heading-tag .heading-char{\nfont-size:25px;\n}\n.av-special-heading.av-av_heading-98ab9bd2a5d014dcef3160770025da21 .av-subheading{\nfont-size:20px;\n}\n<\/style>\n<div  class='av-special-heading av-av_heading-98ab9bd2a5d014dcef3160770025da21 av-special-heading-h2 blockquote modern-quote modern-centered  avia-builder-el-0  el_before_av_one_full  avia-builder-el-first '><h2 class='av-special-heading-tag'  itemprop=\"headline\"  >News &#8211; Archiv<\/h2><div class=\"special-heading-border\"><div class=\"special-heading-inner-border\"><\/div><\/div><\/div>\n\n<style type=\"text\/css\" data-created_by=\"avia_inline_auto\" id=\"style-css-av-25rha-38bd95d0c884b6374fba6a9d020e5287\">\n.flex_column.av-25rha-38bd95d0c884b6374fba6a9d020e5287{\n-webkit-border-radius:0px 0px 0px 0px;\n-moz-border-radius:0px 0px 0px 0px;\nborder-radius:0px 0px 0px 0px;\npadding:0px 0px 0px 0px;\n}\n<\/style>\n<div class='flex_column av-25rha-38bd95d0c884b6374fba6a9d020e5287 av_one_full  avia-builder-el-1  el_after_av_heading  avia-builder-el-last  first flex_column_div av-zero-column-padding '     ><p>\n<style type=\"text\/css\" data-created_by=\"avia_inline_auto\" id=\"style-css-av-jlfbj6np-173b450854b186d18747cd5febdafbef\">\n.avia-image-container.av-jlfbj6np-173b450854b186d18747cd5febdafbef img.avia_image{\nbox-shadow:none;\n}\n.avia-image-container.av-jlfbj6np-173b450854b186d18747cd5febdafbef .av-image-caption-overlay-center{\ncolor:#ffffff;\n}\n<\/style>\n<div  class='avia-image-container av-jlfbj6np-173b450854b186d18747cd5febdafbef av-styling- avia-align-center  avia-builder-el-2  el_before_av_hr  avia-builder-el-first '   itemprop=\"image\" itemscope=\"itemscope\" itemtype=\"https:\/\/schema.org\/ImageObject\" ><div class=\"avia-image-container-inner\"><div class=\"avia-image-overlay-wrap\"><img decoding=\"async\" class='wp-image-124 avia-img-lazy-loading-not-124 avia_image ' src=\"http:\/\/www.golden-heart-even.de\/cms\/wp-content\/uploads\/2018\/08\/news.jpg\" alt='' title='news'  height=\"252\" width=\"380\"  itemprop=\"thumbnailUrl\" srcset=\"http:\/\/www.golden-heart-even.de\/cms\/wp-content\/uploads\/2018\/08\/news.jpg 380w, http:\/\/www.golden-heart-even.de\/cms\/wp-content\/uploads\/2018\/08\/news-300x199.jpg 300w\" sizes=\"(max-width: 380px) 100vw, 380px\" \/><\/div><\/div><\/div><br \/>\n\n<style type=\"text\/css\" data-created_by=\"avia_inline_auto\" id=\"style-css-av-jn013j17-1bd0278c002d432db903c3894a9c64f1\">\n#top .hr.hr-invisible.av-jn013j17-1bd0278c002d432db903c3894a9c64f1{\nheight:20px;\n}\n<\/style>\n<div  class='hr av-jn013j17-1bd0278c002d432db903c3894a9c64f1 hr-invisible  avia-builder-el-3  el_after_av_image  el_before_av_textblock '><span class='hr-inner '><span class=\"hr-inner-style\"><\/span><\/span><\/div><br \/>\n<section  class='av_textblock_section av-2ircl8-23cf8747e5e5947b8d5120c49bc8a5a2'  itemscope=\"itemscope\" itemtype=\"https:\/\/schema.org\/CreativeWork\" ><div class='avia_textblock'  itemprop=\"text\" ><p>02.09.2017 GRC Ausstellung, Paderborn<br \/>\nMadison of Magic Heart\u00b4s By my Side, Mitja startet in einer gro\u00dfen Jugendklasse und erh\u00e4lt einen tollen Bericht, should have a good future, auch ohne Fell&#8230;<\/p>\n<p>Kurz davor habe ich Mitja und seine Familie besucht. Auch er hat sich ganz toll entwickelt und ist ein richtig kleiner Strahlemann. Gemeinsam mit Jack, haben die Beiden jede Menge Spass! Nat\u00fcrlich habe ich auch den Photo eingepackt, die Bilder sind in der Galerie. Danke Manu, f\u00fcr das sch\u00f6ne Wochenende<\/p>\n<p><img decoding=\"async\" loading=\"lazy\" class=\"imageborder alignright wp-image-1473\" src=\"http:\/\/www.golden-heart-even.de\/cms\/wp-content\/uploads\/2018\/11\/rosenparty-kl.jpg\" alt=\"\" width=\"302\" height=\"200\" \/><br \/>\n30.07.2017<br \/>\nHappy Birthday, meine liebe Cesarka It\u00b4s Magic Hope und nachtr\u00e4glich meinen Rosen, Hazel, Laika, Logan und Fin\u2665<\/p>\n<p>Ihr Lieben, ich m\u00f6chte mich bei Euch bedanken, dass Ihr gekommen seid und den Tag mit uns gefeiert habt. Eigentlich wolltet Ihr ja nur einen Golden, aber zwischenzeitlich sind wir eine richtig kleine Familie geworden und ich habe gro\u00dfe Freundschaft bekommen, die ihresgleichen sucht &#8211; gerne gebe ich diesen Satz zur\u00fcck: Ihr seid einfach toll !!! DANKE<\/p>\n<p>23. Juli 2017<br \/>\nDieses Wochenende waren die Madisons in ganz unterschiedlichen Richtungen unterwegs, Martina &amp; Mika waren auf der Pfostenschau in Waiblingen und Fin und ich auf der GRC Clubschau in Bernburg.<br \/>\nBeide waren toll organisiert mit jeweils einem klasse Team !!<br \/>\nFin und Mika bekommen beide sehr sch\u00f6ne Berichte von Dagmar Winter und Petra Bannach.<br \/>\nMadison of Magic Hearts By my Love, VV1, J\u00fcngstenklasse<br \/>\nMadison of Magic Hearts Avev Amour, V1 CAC, Anw. Dt.Ch VDH<br \/>\nSo und jetzt geht\u00b4s ab in den Wald Wir w\u00fcnschen Euch einen tollen Sonntag<\/p>\n<p><img decoding=\"async\" loading=\"lazy\" class=\"imageborder alignleft wp-image-1476\" src=\"http:\/\/www.golden-heart-even.de\/cms\/wp-content\/uploads\/2018\/11\/oberhausen-2017.jpg\" alt=\"\" width=\"400\" height=\"267\" \/>17. Juli 2017<br \/>\nAuch wir waren wieder unterwegs und zwar auf der DRC Clubschau in Oberhausen.<br \/>\nWir hatten alle zusammen einen tollen Tag mit durchaus sch\u00f6nen Ergebnissen und Berichten.<br \/>\nMadison of Magic Hearts Apple Blossom, Hazel, V4 ZK<br \/>\nMadison of Magic Hearts Aven Amour, Fin, V3 ZK und unser Nesth\u00e4kchen<br \/>\nMadison of Magic Hearts By my Love, Mika, VV1 J\u00fcngstenklasse<br \/>\nAlle drei haben wirklich sch\u00f6ne Berichte von Petra Bannach und Peter King bekommen.<br \/>\nAlessia &amp; Hazel starteten noch im Juniorhandling und die zwei S\u00fcssen gewinnen Ihre Altersklasse und erhalten dann noch den 2. Platz aus allen Gruppen<br \/>\nJa, und ich durfte auch noch als Ringstewart helfen.<br \/>\nEs war ein sch\u00f6ner, hei\u00dfer und langer Tag, es hat einfach Freude und Spass mit euch, liebe Katja, Rainer, Amando, Alessia, Martina &amp; Jule gemacht<\/p>\n<\/div><\/section><br \/>\n<section  class='av_textblock_section av-2ircl8-23cf8747e5e5947b8d5120c49bc8a5a2'  itemscope=\"itemscope\" itemtype=\"https:\/\/schema.org\/CreativeWork\" ><div class='avia_textblock'  itemprop=\"text\" ><p><img decoding=\"async\" loading=\"lazy\" class=\"imageborder alignright wp-image-1477\" src=\"http:\/\/www.golden-heart-even.de\/cms\/wp-content\/uploads\/2018\/11\/heroldsbach-2017.jpg\" alt=\"\" width=\"400\" height=\"267\" srcset=\"http:\/\/www.golden-heart-even.de\/cms\/wp-content\/uploads\/2018\/11\/heroldsbach-2017.jpg 600w, http:\/\/www.golden-heart-even.de\/cms\/wp-content\/uploads\/2018\/11\/heroldsbach-2017-500x333.jpg 500w, http:\/\/www.golden-heart-even.de\/cms\/wp-content\/uploads\/2018\/11\/heroldsbach-2017-450x300.jpg 450w\" sizes=\"(max-width: 400px) 100vw, 400px\" \/>02. &amp; 03. Juli 2017 Meisdorf &amp; Heroldsbach 2017<br \/>\nAuch wir sind mit einigen Aufregungen ins Wochenende gestartet, mit einer Punktlandung hab ich mein Auto am Freitag Mittag zur\u00fcckbekommen, auf der Fahrt nach Meisdorf haben wir dann durch einen Zufall noch festgestellt, dass unser Hotelzimmer in Heroldsbach falsch gebucht wurde und wir somit kein Zimmer hatten. So haben wir uns entschieden noch eine Nacht in dem sch\u00f6nen Quedlingburg zu verbringen.<br \/>\nAm Samstag waren Fin und ich auf der Nationalen Ausstellung in Meisdorf unter Richter Marian Draganesou.<br \/>\nMadison of Magic Hearts Avec Amour, Fin gewinnt die Zwischenklasse V1, CAC, Anw.Dt.ChVDH<\/p>\n<p>Am Sonntag waren Alice, Hazel, Fin auf der DRC Clubschau in Heroldsbach.<br \/>\nMadison of Magic Hearts By my Faith, Alice gewinnt die J\u00fcngstenklasse VV1 und wird noch beste J\u00fcngste<br \/>\nMadison of Magic Hearts Apple Blossom, Hazel V3<br \/>\nMadison of Magic Hearts Avec Amour, Fin V2, Res. CAC<br \/>\nEs war ein sehr sch\u00f6ner Tag mit euch ALLEN<\/p>\n<p>24. Juni 2017 Aichach 2017<br \/>\nWir hatten alle zusammen einen sch\u00f6nen Tag, zudem hab ich noch einen dicken Kn\u00f6chel und ein Auto mit kaputter Lichtmaschine mit nach Hause gebracht &#8230;&#8230; Wir haben aber auch noch ausgestellt und sch\u00f6ne Resultate erhalten :<br \/>\nMadison of Magic Hearts Avec Amour, Fin, ZK V1, CAC<br \/>\nMadison of Magic Hearts Apple Blossom, Hazel, V2, Res.CAC<br \/>\nMadison of Magic Hearts By my Love, Mika, J\u00fcngstenklasse VV 1<br \/>\nMadison of Magic Hearts By my Faith, Alice, J\u00fcngstenklasse VV 2<br \/>\nDanke, das ihr alle mitgekommen seid, es ist einfach sch\u00f6n mit euch ALLEN Danke Katja Lorch f\u00fcr die Bilder<\/p>\n<p>13.12.2016<br \/>\nHazel hat ihre eigene Seite bekommen und auch sonst gibt es ein paar Umbauten auf unserer Seite<\/p>\n<p>21.11.2016<br \/>\nUnser Tagebuch ist er\u00f6ffnet, ab sofort werden Gracie und Fin \u00fcber alle Neuigkeiten um unseren B-Wurf hier berichten.<\/p>\n<p>27.10.2016<br \/>\nWir erwarten Welpen \u2665 &#8211; Alle Info\u00b4s unter Zucht<\/p>\n<p>17.09.2016 &amp; 22.10.2016<br \/>\nAlessia, Katja, Hazel, Fin und ich waren wieder einmal ein bisschen Ausstellungsluft schnuppern. Ich freue mich sehr, dass die beiden Youngsters erneut tolle Platzierungen erhalten haben:<br \/>\n22.10.2016 SRA M\u00fchldorf am Inn, Richterin Penny Gowland<br \/>\nMadison of Magic Hearts Avec Amour, Fin, Jugenklasse den 1. Platz<br \/>\nMadison of Magic Hearts Apple Blossom, Hazel, Jugendklasse den 2. Platz<\/p>\n<p>17.09.2016 25 Jahre SRA Winnenden, Richterin Ann Stephenson<br \/>\nMadison of Magic Hearts Avec Amour, Fin erh\u00e4lt in der Jugendklasse den 1. Platz<br \/>\nMadison of Magic Hearts Apple Blossom, Hazel erh\u00e4lt in der Jugendklasse den 2. Platz<\/p>\n<p>07.07.2016 Unsere Wurfplanung ist aktualisiert &#8211; Alle Info&#8217;s unter Zucht<\/p>\n<p>25.06.2016 SRA Aichach<br \/>\nSo, dieses Mal war ich alleine mit den Youngsters unterwegs, Ziel war die SRA in Aichach auf dem wundersch\u00f6nen Gel\u00e4nde des Sissi Schlosses.<br \/>\nFin und Hazel starten beide in der Jugendklasse unter der Richterin Susanne Forchhammer, SE und erreichen<br \/>\nMadison of Magic Hearts Avec Amour, Fin &#8211; EXC 1<br \/>\nMadison of Magic Hearts Apple Blossom, Hazel &#8211; EXC 2<br \/>\nEs hat riesen Spass gemacht mit den Beiden &#8211; Danke Alessia, dass Du mir Hazel anvertraut hast\u2665<\/p>\n<p>20.06.2016 Happy Birthday \u2665<br \/>\nC.I.E. Windhwirl Early Heart Even,<br \/>\nfeiert heute seinen 10. Geburtstag !!!<\/p>\n<p>Lieber Even &#8211; unser Familienhund &#8211; wir k\u00f6nnen Dir gar nicht sagen,<br \/>\nwie wir uns \u00fcber diesen Geburtstag freuen!<br \/>\nF\u00fcr mich bist Du mein Seelenhund, mein Leben, mein Alles !!! \u2665<br \/>\nBleib wie Du bist und geniess die sch\u00f6nen Tage hier, mit deinen Kindern Gracie und Fin und nat\u00fcrlich mir deiner gro\u00dfen Liebe Hope \u2665<\/p>\n<p align=\"center\"><img decoding=\"async\" loading=\"lazy\" class=\"imageborder wp-image-1478\" src=\"http:\/\/www.golden-heart-even.de\/cms\/wp-content\/uploads\/2018\/11\/even-geb-2016.jpg\" alt=\"\" width=\"416\" height=\"283\" \/><\/p>\n<p>29.04.2016<br \/>\nFin, Gracie, Hazel, Alessia, Katja und ich haben dieses Jahr auch schon ein paar Ausstellungen besucht, mit durchweg sch\u00f6nen Ergebnissen :<br \/>\nMadison of Magic Hearts Avec Amour, Fin startet in:<br \/>\nSRA M\u00fcnchberg, Richterin Cathrine Collins, VP 2. Platz<br \/>\nSRA Friedberg, Richter Borge Espeland, VP 1. Platz &amp; BIS J\u00fcngster<\/p>\n<p>Jewelhope Madison Grace, Gracie startet in:<br \/>\nSRA Herrenberg, Richterin Gloria Gargan, exc. 4.Platz\/ZK<br \/>\nIHA Offenburg, Richterin Yvonne Jaussi, exc. 3.Platz\/ZK<\/p>\n<p>Madison of Magic Hearts Apple Blossom, Hazel startet in:<br \/>\nSRA Herrenberg, Richterin Gloria Gargan, exc. 3.Platz<br \/>\nIHA Offenburg, Richterin Yvonne Jaussi, exc. 3.Platz<br \/>\nSRA M\u00fcnchberg, Richterin Cathrine Collins, VP 1. Platz<br \/>\nSRA Friedberg, Richter Borge Espeland, VP 1. Platz<\/p>\n<p>Au\u00dferdem waren wir auch noch am 10. April in dem sch\u00f6nen Sch\u00e4ftlarn und haben ein Dummyseminar mit Kathrin Strehle besucht, die Bilder k\u00f6nnt ihr in der Slideshow sehen, es hat sehr viel Spass gemacht und au\u00dfer, dass Fin, Gracie und Hazel h\u00fcbsch sind, haben ALLE viel Spass an der Arbeit \u2665 \u2665<\/p>\n<p>05.01.2016<br \/>\nMadison of Magic Hearts Avec Amour, Finn unser kleiner Sonnenschein und wie k\u00f6nnte es anders sein &#8211; Nesth\u00e4ckchen &#8211; ist jetzt schon 5 1\/2 Monate alt und hat nun auch seine eigene Seite bekommen \u2665<br \/>\nAu\u00dferdem waren Papa Even und Sohn Finn auf vielen gemeinsamen Spazierg\u00e4ngen unterwegs und die Kamera war auch mit dabei, die Beiden sind einfach ein tolles Team und nat\u00fcrlich lernt Finn sehr viel von seinem wunderbaren Papa<br \/>\nWir w\u00fcnschen Euch viel Freude mit den Bildern<\/p>\n<\/div><\/section><\/p><\/div>\n","protected":false},"excerpt":{"rendered":"","protected":false},"author":1,"featured_media":0,"parent":0,"menu_order":0,"comment_status":"closed","ping_status":"closed","template":"","meta":{"_lmt_disableupdate":"","_lmt_disable":""},"_links":{"self":[{"href":"http:\/\/www.golden-heart-even.de\/cms\/wp-json\/wp\/v2\/pages\/1468"}],"collection":[{"href":"http:\/\/www.golden-heart-even.de\/cms\/wp-json\/wp\/v2\/pages"}],"about":[{"href":"http:\/\/www.golden-heart-even.de\/cms\/wp-json\/wp\/v2\/types\/page"}],"author":[{"embeddable":true,"href":"http:\/\/www.golden-heart-even.de\/cms\/wp-json\/wp\/v2\/users\/1"}],"replies":[{"embeddable":true,"href":"http:\/\/www.golden-heart-even.de\/cms\/wp-json\/wp\/v2\/comments?post=1468"}],"version-history":[{"count":8,"href":"http:\/\/www.golden-heart-even.de\/cms\/wp-json\/wp\/v2\/pages\/1468\/revisions"}],"predecessor-version":[{"id":1484,"href":"http:\/\/www.golden-heart-even.de\/cms\/wp-json\/wp\/v2\/pages\/1468\/revisions\/1484"}],"wp:attachment":[{"href":"http:\/\/www.golden-heart-even.de\/cms\/wp-json\/wp\/v2\/media?parent=1468"}],"curies":[{"name":"wp","href":"https:\/\/api.w.org\/{rel}","templated":true}]}}