{"id":196,"date":"2018-10-08T12:14:04","date_gmt":"2018-10-08T10:14:04","guid":{"rendered":"http:\/\/www.golden-heart-even.de\/cms\/?page_id=196"},"modified":"2023-09-13T08:32:50","modified_gmt":"2023-09-13T06:32:50","slug":"ueber-uns","status":"publish","type":"page","link":"http:\/\/www.golden-heart-even.de\/cms\/ueber-uns\/","title":{"rendered":"\u00fcber uns"},"content":{"rendered":"\n<style type=\"text\/css\" data-created_by=\"avia_inline_auto\" id=\"style-css-av-25rha-38bd95d0c884b6374fba6a9d020e5287\">\n.flex_column.av-25rha-38bd95d0c884b6374fba6a9d020e5287{\n-webkit-border-radius:0px 0px 0px 0px;\n-moz-border-radius:0px 0px 0px 0px;\nborder-radius:0px 0px 0px 0px;\npadding:0px 0px 0px 0px;\n}\n<\/style>\n<div class='flex_column av-25rha-38bd95d0c884b6374fba6a9d020e5287 av_one_full  avia-builder-el-0  el_before_av_one_full  avia-builder-el-first  first flex_column_div av-zero-column-padding '     ><p>\n<style type=\"text\/css\" data-created_by=\"avia_inline_auto\" id=\"style-css-av-jn054546-adfee14f0e3bec386c81870ffb184fa4\">\n#top .av-special-heading.av-jn054546-adfee14f0e3bec386c81870ffb184fa4{\npadding-bottom:10px;\n}\nbody .av-special-heading.av-jn054546-adfee14f0e3bec386c81870ffb184fa4 .av-special-heading-tag .heading-char{\nfont-size:25px;\n}\n.av-special-heading.av-jn054546-adfee14f0e3bec386c81870ffb184fa4 .av-subheading{\nfont-size:20px;\n}\n<\/style>\n<div  class='av-special-heading av-jn054546-adfee14f0e3bec386c81870ffb184fa4 av-special-heading-h3 blockquote modern-quote modern-centered  avia-builder-el-1  el_before_av_hr  avia-builder-el-first '><h3 class='av-special-heading-tag'  itemprop=\"headline\"  >Herzlich Willkommen auf der Homepage von Gracie, Fin, Eve und Holy<\/h3><div class=\"special-heading-border\"><div class=\"special-heading-inner-border\"><\/div><\/div><\/div><br \/>\n\n<style type=\"text\/css\" data-created_by=\"avia_inline_auto\" id=\"style-css-av-jn013j17-3ff2ffe3a38162627d74e9374e783f09\">\n#top .hr.hr-invisible.av-jn013j17-3ff2ffe3a38162627d74e9374e783f09{\nheight:50px;\n}\n<\/style>\n<div  class='hr av-jn013j17-3ff2ffe3a38162627d74e9374e783f09 hr-invisible  avia-builder-el-2  el_after_av_heading  avia-builder-el-last '><span class='hr-inner '><span class=\"hr-inner-style\"><\/span><\/span><\/div><\/p><\/div>\n\n<style type=\"text\/css\" data-created_by=\"avia_inline_auto\" id=\"style-css-av-dn672-a1d14e7cc4e9f2bc3005ad2cdfd3f482\">\n.flex_column.av-dn672-a1d14e7cc4e9f2bc3005ad2cdfd3f482{\n-webkit-border-radius:0px 0px 0px 0px;\n-moz-border-radius:0px 0px 0px 0px;\nborder-radius:0px 0px 0px 0px;\npadding:0px 0px 0px 0px;\n}\n<\/style>\n<div class='flex_column av-dn672-a1d14e7cc4e9f2bc3005ad2cdfd3f482 av_one_full  avia-builder-el-3  el_after_av_one_full  avia-builder-el-last  first flex_column_div av-zero-column-padding column-top-margin'     ><p>\n<style type=\"text\/css\" data-created_by=\"avia_inline_auto\" id=\"style-css-av-afyti-d2f825ce4346de5896cb3e0f4e61a524\">\n.avia-image-container.av-afyti-d2f825ce4346de5896cb3e0f4e61a524 img.avia_image{\nbox-shadow:none;\n}\n.avia-image-container.av-afyti-d2f825ce4346de5896cb3e0f4e61a524 .av-image-caption-overlay-center{\ncolor:#ffffff;\n}\n<\/style>\n<div  class='avia-image-container av-afyti-d2f825ce4346de5896cb3e0f4e61a524 av-styling- avia-align-center  avia-builder-el-4  el_before_av_hr  avia-builder-el-first '   itemprop=\"image\" itemscope=\"itemscope\" itemtype=\"https:\/\/schema.org\/ImageObject\" ><div class=\"avia-image-container-inner\"><div class=\"avia-image-overlay-wrap\"><img decoding=\"async\" class='wp-image-2716 avia-img-lazy-loading-not-2716 avia_image ' src=\"http:\/\/www.golden-heart-even.de\/cms\/wp-content\/uploads\/2020\/08\/wir-01.jpg\" alt='' title='wir-01'  height=\"467\" width=\"700\"  itemprop=\"thumbnailUrl\" srcset=\"http:\/\/www.golden-heart-even.de\/cms\/wp-content\/uploads\/2020\/08\/wir-01.jpg 700w, http:\/\/www.golden-heart-even.de\/cms\/wp-content\/uploads\/2020\/08\/wir-01-500x334.jpg 500w, http:\/\/www.golden-heart-even.de\/cms\/wp-content\/uploads\/2020\/08\/wir-01-450x300.jpg 450w\" sizes=\"(max-width: 700px) 100vw, 700px\" \/><\/div><\/div><\/div><br \/>\n\n<style type=\"text\/css\" data-created_by=\"avia_inline_auto\" id=\"style-css-av-jn013j17-1-49780ed86169de1e173af58b5e2968d5\">\n#top .hr.hr-invisible.av-jn013j17-1-49780ed86169de1e173af58b5e2968d5{\nheight:50px;\n}\n<\/style>\n<div  class='hr av-jn013j17-1-49780ed86169de1e173af58b5e2968d5 hr-invisible  avia-builder-el-5  el_after_av_image  el_before_av_textblock '><span class='hr-inner '><span class=\"hr-inner-style\"><\/span><\/span><\/div><br \/>\n<section  class='av_textblock_section av-jn055scu-e555821fa362e62d9d7d50e8972153bf'  itemscope=\"itemscope\" itemtype=\"https:\/\/schema.org\/CreativeWork\" ><div class='avia_textblock'  itemprop=\"text\" ><p>Wir, das sind, mein Mann Harald, meine S\u00f6hne Yannick und Raphael und ich. Gemeinsam leben wir mit unserer kleinen Hundefamilie in Ellwangen\/Jagst auf der Ostalb.<\/p>\n<p>Irgendwann kam der Gedanke auf, unsere Familie mit einem Golden Retriever zu erweitern. Begeistert von diesen wundersch\u00f6nen Hunden begannen wir Informationen \u00fcber die Rasse zu sammeln, tja &#8211; und dann kam es wie es kommen musste&#8230;<br \/>\nIm Februar 2003 zog Duke, vermittelt durch meine Freundin Regine mit dem Versprechen, dass, wenn wir unterwegs sind, sie sich immer um ihn k\u00fcmmern werde, ein. Tja und dann hat sie uns im August einfach von heute auf morgen mit 40 Jahren verlassen, damit aber den Grundstein f\u00fcr diesen &#8222;Goldenvirus&#8220; gelegt.<\/p>\n<p>Wir, also Raphael und ich, waren mit Duke sehr viel auf dem Hundeplatz und haben neben dem normalen Grundgehorsam auch Turnierhundesport mit ihm gemacht. Raphael hat sich sehr wohl in dieser Gemeinschaft gef\u00fchlt und so nach und nach kam der Gedanke, Duke sollte nicht als &#8222;Einzelhund&#8220; leben, so machte ich mich auf die Suche nach einem Freund f\u00fcr ihn, der auch wie Duke Farbe haben sollte.<br \/>\nDies war damals gar nicht so einfach und hier beginnt die eigentliche Geschichte &#8230;&#8230;..<\/p>\n<p>Nach einigen Recherchen kam ich auf die Seite von Helena Varjamo (Kennel Daily Rays) und &#8222;Sulo&#8220; Lorinford Harlequin. Dieser Hund begeisterte mich von Anfang an und es war schnell klar, unser Hund sollte ein Nachkomme von Sulo werden, so wiederum kam ich zu Elsbeth Br\u00fcngger und den &#8222;Windwhirl`s&#8220; und nach einigen strengen \ud83d\ude09 Pr\u00fcfungen bekamen wir dann den erl\u00f6senden Anruf, dass wir einen Welpen von Daily Rays Whisper of Wind, Saphir &amp; Sokenlea Trendy in Tweed, Janis, bekommen sollten.<br \/>\nIm August 2006 zog dann Windhwirl Early Heart Even &#8211; unser Familienhund &#8211; bei uns ein !! Bei ihrem Besuch in der Schweiz hatte Sue Ross (Sokenlea) Elsbeth und Janine geraten, dass Even doch ausgestellt werden sollte, na ja und wir fanden das auch eine tolle Idee, nichts ahnend was uns erwartet \ud83d\ude42<br \/>\nEven war vom ersten Tag ein Showman vom Scheitel bis zur Sohle, er liebt es, sich im Ring zu pr\u00e4sentieren und gemeinsam mit Janine war er ein unschlagbares, tolles Team !!! Ab 2010 hab dann ich das Ausstellen \u00fcbernommen und es ist mir ganz gut gelungen, an die Erfolge anzukn\u00fcpfen !!<br \/>\nSo &#8211; und dann wurde wiederum schnell klar, dass eine H\u00fcndin fehlt&#8230; Gemeinsam mit Janine bin ich im September 2011 nach England\/Conway geflogen um dort unsere Hope bei Christine Williams (Cesarka) abzuholen.<\/p>\n<p>2014 hatten Even &amp; Hope ihren ersten gemeinsamen Wurf in der Schweiz bei Janine (Jewelhope).<br \/>\nDa ich auch hier mit eingebunden war, wurde schnell klar dass ein Welpe bei uns bleiben wird. Jewelhope Madison Grace ist dann im Mai 2014 bei uns eingezogen.<br \/>\nEs ist etwas ganz Besonderes, diese kleine Zaubermaus gemeinsam mit ihren Eltern Even &amp; Hope aufwachsen zu sehen \ud83d\ude42<\/p>\n<p>Die Zeit rast und es sind einige Jahre vergangen und hier hat sich einiges ver\u00e4ndert&#8230;..<\/p>\n<p>Man sagt ja, ein Golden bleibt selten allein, tja und so ist es auch hier \ud83d\ude42<br \/>\n2018 ist Eve aus dem Zwinger Starrynight von Marilisa Cioffi aus Italien eingezogen. Eve ist eine Tochter von Windwhirl Early Heart Even und nun schon wieder 5 Jahre alt. 2023 hatte Eve ihren ersten Wurf mit Golden Mountain Springs Caruso.<br \/>\n2021 hat sich ein lang gehegter Wunsch von mir erf\u00fcllt und Gracie bekam Welpen nach Rayleas my Guy, Mylo. Von Anfang an war klar, das aus unserem P\u00e4rchen, das kleine M\u00e4dchen bleiben wird und so lebt seit 2021 die kleine Holy, Madisons of Magic Heart&#8217;s Girl I&#8217;m grateful for You, bei uns.<br \/>\nWie sagt Raphael immer: Du kleine Frohnatur und damit ist eigentlich alles gesagt &lt;3<\/p>\n<p>Freud und Leid liegt nah beieinander auch diese Erfahrung mussten wir machen. Im Juni 2023 ist unsere \u00fcber alles geliebte Hope, nach kurzer schwerer Krankheit \u00fcber die Regenbogenbr\u00fccke gegangen. Ein Tag vor dem wir uns alle gef\u00fcrchtet hatten, wie sehr haben wir doch diese alte, weise Lady genossen und h\u00e4tten sie so sehr gerne noch lange bei uns gehabt, aber das Leben hatte andere Pl\u00e4ne. Liebe Hope, du fehlst uns allen so unendlich&#8230;.<\/p>\n<p>Das war jetzt ein kleines Update in groben Z\u00fcgen und wir w\u00fcnschen euch viel Spass beim st\u00f6bern auf unserer Hompepage \ud83d\ude42<\/p>\n<\/div><\/section><\/p><\/div>\n","protected":false},"excerpt":{"rendered":"","protected":false},"author":1,"featured_media":0,"parent":0,"menu_order":0,"comment_status":"closed","ping_status":"closed","template":"","meta":{"_lmt_disableupdate":"no","_lmt_disable":""},"_links":{"self":[{"href":"http:\/\/www.golden-heart-even.de\/cms\/wp-json\/wp\/v2\/pages\/196"}],"collection":[{"href":"http:\/\/www.golden-heart-even.de\/cms\/wp-json\/wp\/v2\/pages"}],"about":[{"href":"http:\/\/www.golden-heart-even.de\/cms\/wp-json\/wp\/v2\/types\/page"}],"author":[{"embeddable":true,"href":"http:\/\/www.golden-heart-even.de\/cms\/wp-json\/wp\/v2\/users\/1"}],"replies":[{"embeddable":true,"href":"http:\/\/www.golden-heart-even.de\/cms\/wp-json\/wp\/v2\/comments?post=196"}],"version-history":[{"count":9,"href":"http:\/\/www.golden-heart-even.de\/cms\/wp-json\/wp\/v2\/pages\/196\/revisions"}],"predecessor-version":[{"id":3320,"href":"http:\/\/www.golden-heart-even.de\/cms\/wp-json\/wp\/v2\/pages\/196\/revisions\/3320"}],"wp:attachment":[{"href":"http:\/\/www.golden-heart-even.de\/cms\/wp-json\/wp\/v2\/media?parent=196"}],"curies":[{"name":"wp","href":"https:\/\/api.w.org\/{rel}","templated":true}]}}